{"id":9,"date":"2022-03-24T15:31:52","date_gmt":"2022-03-24T15:31:52","guid":{"rendered":"https:\/\/destouchesportrait.com\/?page_id=9"},"modified":"2022-04-07T15:08:26","modified_gmt":"2022-04-07T15:08:26","slug":"about","status":"publish","type":"page","link":"https:\/\/destouchesportrait.com\/index.php\/about\/","title":{"rendered":"Pr\u00e9sentation"},"content":{"rendered":"\n<p>Je suis peintre animali\u00e8re et pasteliste&nbsp;autodidacte.<\/p>\n\n\n\n<p>J\u2019aime saisir dans les moindres d\u00e9tails les caract\u00e8ristiques de mes sujets. J\u2019ai \u00e9t\u00e9 form\u00e9 \u00e0 partir des Ma\u00eetres pastelistes \u00e0 Feytiat.<\/p>\n\n\n\n<p>Mes peintures sont r\u00e9alis\u00e9es au pastel sec.<\/p>\n\n\n\n<p>Mes oeuvres sont en vente et vendues encadr\u00e9es.&nbsp;<\/p>\n\n\n\n<p>Je m&rsquo;inspire de vos photos pour r\u00e9aliser vos peintures apr\u00e8s un entretien avec vous.<\/p>\n\n\n\n<h2 class=\"has-black-color has-text-color wp-block-heading\">Voici quelques exemples de mes oeuvres<\/h2>\n\n\n\n<div class=\"wp-block-group\"><div class=\"wp-block-group__inner-container is-layout-flow wp-block-group-is-layout-flow\">\n<figure class=\"wp-block-gallery has-nested-images columns-default is-cropped wp-block-gallery-1 is-layout-flex wp-block-gallery-is-layout-flex\">\n<figure class=\"wp-block-image size-large\"><img loading=\"lazy\" decoding=\"async\" width=\"2048\" height=\"2560\" data-id=\"56\" src=\"http:\/\/destouchesportrait.com\/wp-content\/uploads\/2022\/03\/IMG_20191130_174652_788-scaled.jpg\" alt=\"\" class=\"wp-image-56\" srcset=\"https:\/\/destouchesportrait.com\/wp-content\/uploads\/2022\/03\/IMG_20191130_174652_788-scaled.jpg 2048w, https:\/\/destouchesportrait.com\/wp-content\/uploads\/2022\/03\/IMG_20191130_174652_788-scaled-600x750.jpg 600w, https:\/\/destouchesportrait.com\/wp-content\/uploads\/2022\/03\/IMG_20191130_174652_788-240x300.jpg 240w, https:\/\/destouchesportrait.com\/wp-content\/uploads\/2022\/03\/IMG_20191130_174652_788-819x1024.jpg 819w, https:\/\/destouchesportrait.com\/wp-content\/uploads\/2022\/03\/IMG_20191130_174652_788-768x960.jpg 768w, https:\/\/destouchesportrait.com\/wp-content\/uploads\/2022\/03\/IMG_20191130_174652_788-1229x1536.jpg 1229w, https:\/\/destouchesportrait.com\/wp-content\/uploads\/2022\/03\/IMG_20191130_174652_788-1638x2048.jpg 1638w\" sizes=\"auto, (max-width: 2048px) 100vw, 2048px\" \/><\/figure>\n\n\n\n<figure class=\"wp-block-image size-large\"><img loading=\"lazy\" decoding=\"async\" width=\"930\" height=\"1024\" data-id=\"196\" src=\"http:\/\/destouchesportrait.com\/wp-content\/uploads\/2022\/04\/IMG_20190628_112327_851-930x1024.jpg\" alt=\"\" class=\"wp-image-196\" srcset=\"https:\/\/destouchesportrait.com\/wp-content\/uploads\/2022\/04\/IMG_20190628_112327_851-930x1024.jpg 930w, https:\/\/destouchesportrait.com\/wp-content\/uploads\/2022\/04\/IMG_20190628_112327_851-272x300.jpg 272w, https:\/\/destouchesportrait.com\/wp-content\/uploads\/2022\/04\/IMG_20190628_112327_851-768x846.jpg 768w, https:\/\/destouchesportrait.com\/wp-content\/uploads\/2022\/04\/IMG_20190628_112327_851-1395x1536.jpg 1395w, https:\/\/destouchesportrait.com\/wp-content\/uploads\/2022\/04\/IMG_20190628_112327_851-1860x2048.jpg 1860w, https:\/\/destouchesportrait.com\/wp-content\/uploads\/2022\/04\/IMG_20190628_112327_851-1320x1454.jpg 1320w, https:\/\/destouchesportrait.com\/wp-content\/uploads\/2022\/04\/IMG_20190628_112327_851-600x661.jpg 600w\" sizes=\"auto, (max-width: 930px) 100vw, 930px\" \/><\/figure>\n\n\n\n<figure class=\"wp-block-image size-large\"><img loading=\"lazy\" decoding=\"async\" width=\"819\" height=\"1024\" data-id=\"60\" src=\"https:\/\/destouchesportrait.com\/wp-content\/uploads\/2022\/03\/IMG_20200303_135737_382-819x1024.jpg\" alt=\"\" class=\"wp-image-60\" srcset=\"https:\/\/destouchesportrait.com\/wp-content\/uploads\/2022\/03\/IMG_20200303_135737_382-819x1024.jpg 819w, https:\/\/destouchesportrait.com\/wp-content\/uploads\/2022\/03\/IMG_20200303_135737_382-scaled-600x750.jpg 600w, https:\/\/destouchesportrait.com\/wp-content\/uploads\/2022\/03\/IMG_20200303_135737_382-240x300.jpg 240w, https:\/\/destouchesportrait.com\/wp-content\/uploads\/2022\/03\/IMG_20200303_135737_382-768x960.jpg 768w, https:\/\/destouchesportrait.com\/wp-content\/uploads\/2022\/03\/IMG_20200303_135737_382-1229x1536.jpg 1229w, https:\/\/destouchesportrait.com\/wp-content\/uploads\/2022\/03\/IMG_20200303_135737_382-1638x2048.jpg 1638w, https:\/\/destouchesportrait.com\/wp-content\/uploads\/2022\/03\/IMG_20200303_135737_382-scaled.jpg 2048w\" sizes=\"auto, (max-width: 819px) 100vw, 819px\" \/><\/figure>\n\n\n\n<figure class=\"wp-block-image size-large\"><img loading=\"lazy\" decoding=\"async\" width=\"2048\" height=\"2560\" data-id=\"55\" src=\"http:\/\/destouchesportrait.com\/wp-content\/uploads\/2022\/03\/IMG_20190807_210754_489-scaled.jpg\" alt=\"\" class=\"wp-image-55\" srcset=\"https:\/\/destouchesportrait.com\/wp-content\/uploads\/2022\/03\/IMG_20190807_210754_489-scaled.jpg 2048w, https:\/\/destouchesportrait.com\/wp-content\/uploads\/2022\/03\/IMG_20190807_210754_489-scaled-600x750.jpg 600w, https:\/\/destouchesportrait.com\/wp-content\/uploads\/2022\/03\/IMG_20190807_210754_489-240x300.jpg 240w, https:\/\/destouchesportrait.com\/wp-content\/uploads\/2022\/03\/IMG_20190807_210754_489-819x1024.jpg 819w, https:\/\/destouchesportrait.com\/wp-content\/uploads\/2022\/03\/IMG_20190807_210754_489-768x960.jpg 768w, https:\/\/destouchesportrait.com\/wp-content\/uploads\/2022\/03\/IMG_20190807_210754_489-1229x1536.jpg 1229w, https:\/\/destouchesportrait.com\/wp-content\/uploads\/2022\/03\/IMG_20190807_210754_489-1638x2048.jpg 1638w\" sizes=\"auto, (max-width: 2048px) 100vw, 2048px\" \/><\/figure>\n\n\n\n<figure class=\"wp-block-image size-large\"><img loading=\"lazy\" decoding=\"async\" width=\"2048\" height=\"2560\" data-id=\"54\" src=\"http:\/\/destouchesportrait.com\/wp-content\/uploads\/2022\/03\/IMG_20190625_120119_192-scaled.jpg\" alt=\"\" class=\"wp-image-54\" srcset=\"https:\/\/destouchesportrait.com\/wp-content\/uploads\/2022\/03\/IMG_20190625_120119_192-scaled.jpg 2048w, https:\/\/destouchesportrait.com\/wp-content\/uploads\/2022\/03\/IMG_20190625_120119_192-scaled-600x750.jpg 600w, https:\/\/destouchesportrait.com\/wp-content\/uploads\/2022\/03\/IMG_20190625_120119_192-240x300.jpg 240w, https:\/\/destouchesportrait.com\/wp-content\/uploads\/2022\/03\/IMG_20190625_120119_192-819x1024.jpg 819w, https:\/\/destouchesportrait.com\/wp-content\/uploads\/2022\/03\/IMG_20190625_120119_192-768x960.jpg 768w, https:\/\/destouchesportrait.com\/wp-content\/uploads\/2022\/03\/IMG_20190625_120119_192-1229x1536.jpg 1229w, https:\/\/destouchesportrait.com\/wp-content\/uploads\/2022\/03\/IMG_20190625_120119_192-1638x2048.jpg 1638w\" sizes=\"auto, (max-width: 2048px) 100vw, 2048px\" \/><\/figure>\n\n\n\n<figure class=\"wp-block-image size-large\"><img loading=\"lazy\" decoding=\"async\" width=\"2048\" height=\"2560\" data-id=\"57\" src=\"http:\/\/destouchesportrait.com\/wp-content\/uploads\/2022\/03\/IMG_20191202_175529_733-scaled.jpg\" alt=\"\" class=\"wp-image-57\" srcset=\"https:\/\/destouchesportrait.com\/wp-content\/uploads\/2022\/03\/IMG_20191202_175529_733-scaled.jpg 2048w, https:\/\/destouchesportrait.com\/wp-content\/uploads\/2022\/03\/IMG_20191202_175529_733-scaled-600x750.jpg 600w, https:\/\/destouchesportrait.com\/wp-content\/uploads\/2022\/03\/IMG_20191202_175529_733-240x300.jpg 240w, https:\/\/destouchesportrait.com\/wp-content\/uploads\/2022\/03\/IMG_20191202_175529_733-819x1024.jpg 819w, https:\/\/destouchesportrait.com\/wp-content\/uploads\/2022\/03\/IMG_20191202_175529_733-768x960.jpg 768w, https:\/\/destouchesportrait.com\/wp-content\/uploads\/2022\/03\/IMG_20191202_175529_733-1229x1536.jpg 1229w, https:\/\/destouchesportrait.com\/wp-content\/uploads\/2022\/03\/IMG_20191202_175529_733-1638x2048.jpg 1638w\" sizes=\"auto, (max-width: 2048px) 100vw, 2048px\" \/><\/figure>\n\n\n\n<figure class=\"wp-block-image size-large\"><img loading=\"lazy\" decoding=\"async\" width=\"2048\" height=\"2560\" data-id=\"58\" src=\"http:\/\/destouchesportrait.com\/wp-content\/uploads\/2022\/03\/IMG_20200701_164320_258-scaled.jpg\" alt=\"\" class=\"wp-image-58\" srcset=\"https:\/\/destouchesportrait.com\/wp-content\/uploads\/2022\/03\/IMG_20200701_164320_258-scaled.jpg 2048w, https:\/\/destouchesportrait.com\/wp-content\/uploads\/2022\/03\/IMG_20200701_164320_258-scaled-600x750.jpg 600w, https:\/\/destouchesportrait.com\/wp-content\/uploads\/2022\/03\/IMG_20200701_164320_258-240x300.jpg 240w, https:\/\/destouchesportrait.com\/wp-content\/uploads\/2022\/03\/IMG_20200701_164320_258-819x1024.jpg 819w, https:\/\/destouchesportrait.com\/wp-content\/uploads\/2022\/03\/IMG_20200701_164320_258-768x960.jpg 768w, https:\/\/destouchesportrait.com\/wp-content\/uploads\/2022\/03\/IMG_20200701_164320_258-1229x1536.jpg 1229w, https:\/\/destouchesportrait.com\/wp-content\/uploads\/2022\/03\/IMG_20200701_164320_258-1638x2048.jpg 1638w\" sizes=\"auto, (max-width: 2048px) 100vw, 2048px\" \/><\/figure>\n\n\n\n<figure class=\"wp-block-image size-large\"><img loading=\"lazy\" decoding=\"async\" width=\"1920\" height=\"2560\" data-id=\"59\" src=\"http:\/\/destouchesportrait.com\/wp-content\/uploads\/2022\/03\/IMG_20200815_183956-scaled.jpg\" alt=\"\" class=\"wp-image-59\" srcset=\"https:\/\/destouchesportrait.com\/wp-content\/uploads\/2022\/03\/IMG_20200815_183956-scaled.jpg 1920w, https:\/\/destouchesportrait.com\/wp-content\/uploads\/2022\/03\/IMG_20200815_183956-scaled-600x800.jpg 600w, https:\/\/destouchesportrait.com\/wp-content\/uploads\/2022\/03\/IMG_20200815_183956-225x300.jpg 225w, https:\/\/destouchesportrait.com\/wp-content\/uploads\/2022\/03\/IMG_20200815_183956-768x1024.jpg 768w, https:\/\/destouchesportrait.com\/wp-content\/uploads\/2022\/03\/IMG_20200815_183956-1152x1536.jpg 1152w, https:\/\/destouchesportrait.com\/wp-content\/uploads\/2022\/03\/IMG_20200815_183956-1536x2048.jpg 1536w\" sizes=\"auto, (max-width: 1920px) 100vw, 1920px\" \/><\/figure>\n<\/figure>\n<\/div><\/div>\n","protected":false},"excerpt":{"rendered":"<p>Je suis peintre animali\u00e8re et pasteliste&nbsp;autodidacte. J\u2019aime saisir dans les moindres d\u00e9tails les caract\u00e8ristiques de mes sujets. J\u2019ai \u00e9t\u00e9 form\u00e9<\/p>\n<p><a href=\"https:\/\/destouchesportrait.com\/index.php\/about\/\" class=\"more-link\">Continue reading<span class=\"screen-reader-text\">Pr\u00e9sentation<\/span><\/a><\/p>\n","protected":false},"author":1,"featured_media":6,"parent":0,"menu_order":0,"comment_status":"closed","ping_status":"closed","template":"","meta":{"om_disable_all_campaigns":false,"_monsterinsights_skip_tracking":false,"_monsterinsights_sitenote_active":false,"_monsterinsights_sitenote_note":"","_monsterinsights_sitenote_category":0,"footnotes":""},"class_list":["post-9","page","type-page","status-publish","has-post-thumbnail","hentry"],"jetpack_sharing_enabled":true,"_links":{"self":[{"href":"https:\/\/destouchesportrait.com\/index.php\/wp-json\/wp\/v2\/pages\/9","targetHints":{"allow":["GET"]}}],"collection":[{"href":"https:\/\/destouchesportrait.com\/index.php\/wp-json\/wp\/v2\/pages"}],"about":[{"href":"https:\/\/destouchesportrait.com\/index.php\/wp-json\/wp\/v2\/types\/page"}],"author":[{"embeddable":true,"href":"https:\/\/destouchesportrait.com\/index.php\/wp-json\/wp\/v2\/users\/1"}],"replies":[{"embeddable":true,"href":"https:\/\/destouchesportrait.com\/index.php\/wp-json\/wp\/v2\/comments?post=9"}],"version-history":[{"count":7,"href":"https:\/\/destouchesportrait.com\/index.php\/wp-json\/wp\/v2\/pages\/9\/revisions"}],"predecessor-version":[{"id":198,"href":"https:\/\/destouchesportrait.com\/index.php\/wp-json\/wp\/v2\/pages\/9\/revisions\/198"}],"wp:featuredmedia":[{"embeddable":true,"href":"https:\/\/destouchesportrait.com\/index.php\/wp-json\/wp\/v2\/media\/6"}],"wp:attachment":[{"href":"https:\/\/destouchesportrait.com\/index.php\/wp-json\/wp\/v2\/media?parent=9"}],"curies":[{"name":"wp","href":"https:\/\/api.w.org\/{rel}","templated":true}]}}